62?
1
What is the greatest common divisor of 706 and 988753?
353
Calculate the greatest common divisor of 13224 and 106704.
456
Calculate the highest common divisor of 8001 and 5969.
127
What is the greatest common divisor of 2440 and 217480?
40
What is the highest common divisor of 2661049 and 566?
283
Calculate the highest common factor of 1291 and 2.
1
Calculate the greatest common divisor of 74399 and 16874.
767
Calculate the highest common divisor of 1070706 and 106.
106
Calculate the highest common divisor of 6557 and 332.
83
Calculate the highest common divisor of 36 and 81708.
12
What is the highest common divisor of 1526 and 1885373?
763
What is the greatest common divisor of 7203861 and 1827?
1827
Calculate the highest common divisor of 18 and 885432.
6
What is the highest common divisor of 1510533 and 1269?
423
What is the highest common divisor of 3035 and 2065?
5
What is the highest common divisor of 6384 and 624?
48
What is the highest common factor of 4 and 123580?
4
What is the highest common divisor of 20 and 1898170?
10
Calculate the greatest common divisor of 68704 and 9728.
608
What is the greatest common divisor of 1265 and 36432?
253
Calculate the greatest common divisor of 2508 and 8538.
6
Calculate the highest common divisor of 7548 and 306.
102
Calculate the highest common factor of 5258 and 396.
22
What is the greatest common factor of 4 and 10925?
1
Calculate the highest common factor of 340 and 5400.
20
Calculate the highest common factor of 2828 and 756.
28
Calculate the highest common divisor of 145 and 96077.
29
What is the highest common divisor of 158917 and 275?
11
Calculate the greatest common factor of 35875 and 72037.
287
What is the greatest common divisor of 2952 and 1686330?
738
Calculate the highest common factor of 317096 and 156.
52
Calculate the greatest common factor of 20 and 122300.
20
Calculate the greatest common factor of 24038 and 2142.
238
What is the greatest common factor of 197766 and 18?
18
What is the greatest common factor of 236341 and 399?
133
Calculate the highest common factor of 51 and 184875.
51
Calculate the greatest common factor of 56146 and 1257.
419
What is the greatest common factor of 591911 and 433?
433
What is the greatest common divisor of 5760 and 7008?
96
Calculate the highest common divisor of 326211 and 1649.
97
What is the greatest common divisor of 28 and 50428?
28
Calculate the highest common factor of 24140 and 32.
4
Calculate the highest common divisor of 1552 and 57812.
388
What is the greatest common divisor of 633 and 12392241?
633
Calculate the greatest common factor of 11 and 110253.
11
What is the highest common divisor of 542448 and 432?
144
Calculate the greatest common factor of 21305 and 4.
1
What is the greatest common divisor of 3993531 and 1374?
687
Calculate the greatest common factor of 126 and 1158.
6
What is the highest common factor of 222730 and 20?
10
What is the highest common factor of 222 and 1147?
37
What is the greatest common divisor of 8061982 and 1082?
1082
Calculate the greatest common divisor of 80 and 336250.
10
Calculate the highest common factor of 15714 and 3783.
291
Calculate the highest common factor of 33508 and 4.
4
What is the highest common factor of 29801 and 272?
17
What is the highest common divisor of 2086 and 28?
14
Calculate the greatest common divisor of 13727 and 106.
53
What is the greatest common divisor of 180 and 208980?
180
What is the greatest common factor of 689 and 559?
13
Calculate the highest common factor of 4042 and 5734.
94
What is the greatest common factor of 61440 and 200?
40
Calculate the highest common factor of 1 and 372326.
1
Calculate the greatest common factor of 167344 and 16.
16
What is the greatest common divisor of 464969 and 566?
283
What is the greatest common divisor of 3 and 15381?
3
Calculate the highest common factor of 1688 and 22.
2
Calculate the greatest common factor of 1664 and 25152.
64
Calculate the greatest common factor of 337200 and 843.
843
Calculate the highest common factor of 5820 and 321070.
970
What is the greatest common factor of 300 and 237100?
100
What is the greatest common factor of 1176 and 53802?
294
Calculate the greatest common factor of 12988 and 136.
68
What is the greatest common factor of 236064 and 672?
96
Calculate the highest common factor of 464 and 251024.
464
Calculate the highest common factor of 250168 and 8.
8
What is the greatest common factor of 18796 and 11988?
148
What is the highest common factor of 4746175 and 2590?
1295
What is the highest common factor of 16915 and 255?
85
What is the highest common divisor of 100807 and 56?
7
Calculate the highest common factor of 8700735 and 183.
183
Calculate the greatest common divisor of 222483 and 3.
3
What is the highest common factor of 1991 and 253?
11
Calculate the highest common factor of 677788 and 3944.
116
Calculate the highest common divisor of 31 and 17.
1
Calculate the highest common factor of 1246396 and 11112.
1852
What is the greatest common divisor of 52 and 10160?
4
Calculate the highest common factor of 164217 and 1161.
129
Calculate the greatest common divisor of 189 and 30726.
27
Calculate the greatest common divisor of 33 and 90431.
11
Calculate the highest common divisor of 1656 and 51.
3
Calculate the highest common factor of 12 and 8013.
3
What is the highest common factor of 544 and 29614?
34
Calculate the highest common factor of 226 and 104977.
113
What is the highest common factor of 1225 and 8995?
35
What is the greatest common factor of 1555162 and 126?
14
What is the greatest common divisor of 440458 and 1038?
346
What is the greatest common divisor of 19 and 526528?
19
What is the greatest common factor of 280 and 242795?
35
What is the greatest common factor of 2496 and 1326?
78
What is the highest common divisor of 249 and 144503?
83
Calculate the greatest common divisor of 7539 and 84.
21
Calculate the highest common factor of 38 and 63156.
38
What is the greatest common factor of 36634 and 988?
26
What is the greatest common factor of 188 and 1175?
47
Calculate the highest common divisor of 22793 and 207.
23
What is the highest common factor of 1944 and 809190?
486
What is the greatest common divisor of 267370 and 310?
10
Calculate the highest common factor of 29271 and 264.
33
Calculate the highest common factor of 19404 and 189.
63
What is the highest common factor of 712755 and 255?
15
What is the highest common divisor of 5 and 2012?
1
Calculate the highest common divisor of 19900 and 800.
100
Calculate the greatest common factor of 41924 and 1034.
94
What is the greatest common divisor of 171 and 84341?
19
What is the greatest common divisor of 133023 and 417?
417
Calculate the greatest common divisor of 5341 and 49.
49
Calculate the highest common factor of 36 and 18608.
4
What is the highest common factor of 60 and 1079490?
30
Calculate the greatest common divisor of 119 and 41559.
7
What is the greatest common divisor of 8 and 1238?
2
What is the highest common factor of 554804 and 212?
212
What is the highest common divisor of 30159 and 702?
27
Calculate the highest common factor of 4491936 and 32.
32
Calculate the highest common divisor of 53539 and 57880.
1447
Calculate the highest common divisor of 234 and 2600.
26
What is the highest common divisor of 241580 and 141?
47
Calculate the greatest common factor of 89688 and 1616.
808
What is the highest common divisor of 72 and 212?
4
Calculate the greatest common factor of 2196 and 1692.
36
Calculate the greatest common divisor of 80 and 181120.
80
What is the highest common divisor of 912 and 13642?
38
What is the highest common factor of 82936 and 14392?
56
What is the greatest common factor of 11 and 535117?
11
What is the greatest common divisor of 147 and 127239?
21
What is the greatest common divisor of 99972 and 468?
36
What is the highest common factor of 189804 and 12?
12
What is the greatest common divisor of 24524 and 4?
4
Calculate the greatest common factor of 1708 and 238.
14
What is the highest common factor of 121605 and 83415?
1005
What is the highest common divisor of 13750 and 75?
25
Calculate the greatest common factor of 76 and 69578.
38
What is the highest common factor of 3408